e x(53).
-5
Let c(x) = 109*x + 3858. Calculate c(-44).
-938
Let s(a) = a**2 + 171*a + 3562. Calculate s(-63).
-3242
Let r(v) = 19*v**3 + 18*v**2 + 29*v + 12. Calculate r(-1).
-18
Let t(h) = 1939*h - 83390. Calculate t(43).
-13
Let z(j) = 5375*j - 376337. Calculate z(70).
-87
Let j(d) = 2*d**2 + 66*d + 456. Determine j(-11).
-28
Let p(h) = 74*h + 2029. Calculate p(0).
2029
Let f(x) = -5780*x - 17934. What is f(-3)?
-594
Let l(d) = -3*d**3 + d**2 - 5*d + 1512. Calculate l(0).
1512
Let m(s) = 2*s**3 + 518*s**2 - 7062*s + 2682. What is m(-272)?
-38
Let k(o) = 357*o + 56202. Give k(-171).
-4845
Let b(h) = -h**2 - 41*h + 3276. What is b(48)?
-996
Let n(z) = 2*z**2 + 1761*z - 8941. Give n(5).
-86
Let f(s) = 24*s**2 + 434*s + 1600. Determine f(-4).
248
Let j(c) = 13*c**3 - 24*c**2 + 114*c - 244. What is j(2)?
-8
Let j(f) = -f**3 + 22*f**2 + 49*f - 75. Give j(22).
1003
Let o(g) = 2*g**3 - 96*g**2 + 1066*g - 45672. Give o(47).
12
Let g(f) = 11551*f - 103586. What is g(9)?
373
Let u(w) = 11546*w + 1132006. Calculate u(-98).
498
Let v(i) = 5*i**3 + 147*i**2 - 269*i - 342. What is v(-31)?
309
Let v(h) = -78305*h - 2662358. Determine v(-34).
12
Let p(q) = 1951*q - 11732. Give p(7).
1925
Let s(k) = 2952723*k + 35432685. Determine s(-12).
9
Let c(u) = -234*u**2 + 961*u + 7289. What is c(8)?
1
Let u(v) = -257*v**2 + 34181*v - 23. Calculate u(133).
-23
Let u(l) = 129*l - 14713. Give u(115).
122
Let y(r) = -3223*r - 46157. What is y(-14)?
-1035
Let i(r) = 202*r**2 - 3140*r - 849. Give i(16).
623
Let n(f) = 48*f**2 + 110*f + 3. Calculate n(-3).
105
Let l(d) = 7052*d + 119879. Calculate l(-17).
-5
Let g(m) = -m**3 - 34*m**2 + 276*m + 847. What is g(-41)?
1298
Let h(v) = -993*v**2 - 66541*v - 676. Give h(-67).
-6
Let x(d) = 2224*d + 248. Give x(-1).
-1976
Let d(c) = 3*c**3 - 396*c**2 + 10*c - 976. What is d(132)?
344
Let v(m) = 1583*m**2 + 85*m + 84. Give v(-1).
1582
Let o(k) = -3*k**2 + 90*k - 137. Calculate o(37).
-914
Let k(l) = 2*l**3 + 45*l**2 - 1364*l - 30915. Calculate k(-23).
-72
Let f(b) = -b**3 - 71*b**2 - 34206*b - 2428629. What is f(-71)?
-3
Let t(x) = 3*x**3 - 66*x**2 + 419*x - 11224. Determine t(23).
0
Let q(u) = 1281*u + 435491. What is q(-340)?
-49
Let a(s) = -2*s**3 + 140*s**2 + 229*s - 4599. Give a(71).
1578
Let f(v) = -9*v**2 - 877*v - 768. Determine f(-97).
-380
Let o(h) = -51788*h - 1191133. Calculate o(-23).
-9
Let y(x) = 4551*x + 546142. Give y(-120).
22
Let m(y) = -109*y**2 + 475*y + 38. What is m(4)?
194
Let o(d) = 1378*d - 221937. Calculate o(161).
-79
Let q(b) = -b**3 - 17*b**2 + 52*b + 710. What is q(-14)?
-606
Let x(o) = o**2 + 100*o + 793. Give x(-9).
-26
Let b(n) = 7019*n**2 - 21059*n - 14. Calculate b(3).
-20
Let r(u) = 3*u**2 + 375*u + 4151. What is r(-12)?
83
Let b(w) = -59854*w + 658040. Determine b(11).
-354
Let k(v) = 3*v**3 + 10*v**2 + 1310*v + 3877. Determine k(-3).
-44
Let a(r) = 15352*r**2 - 307046*r + 95. What is a(20)?
-25
Let b(d) = 65674*d + 18651410. Calculate b(-284).
-6
Let o(r) = 2*r**3 + 58*r**2 + 384*r + 120. Give o(-10).
80
Let b(z) = -187867*z + 5636011. Give b(30).
1
Let t(i) = -i**3 + 50*i**2 + 576*i - 24511. Determine t(52).
33
Let y(m) = -17*m**2 - 1361*m + 8683. Calculate y(6).
-95
Let x(z) = -2*z**2 - 2944*z - 26423. Determine x(-9).
-89
Let p(n) = 6547*n + 90970. Give p(-14).
-688
Let q(t) = 1226*t**2 - 2389*t + 7. Determine q(2).
133
Let p(w) = -216846*w + 6288403. Determine p(29).
-131
Let t(f) = 394*f + 55954. Give t(-142).
6
Let d(w) = w**2 + 70384*w - 1408115. Determine d(20).
-35
Let v(s) = -s**3 - 126*s**2 + 383*s - 622. Determine v(-129).
-106
Let d(s) = 561018*s - 1122029. What is d(2)?
7
Let j(p) = p**2 - 60*p - 42007. Determine j(-177).
-58
Let g(q) = -206*q**2 - 2318*q + 19. Determine g(-12).
-1829
Let f(x) = 6*x**2 - 108*x + 542. Determine f(8).
62
Let x(w) = -1449*w + 9524. Give x(7).
-619
Let t(g) = g**2 + 49*g - 182. Calculate t(-20).
-762
Let l(y) = 153802*y - 9381924. Calculate l(61).
-2
Let b(w) = 2*w**3 + 50*w**2 - 123*w - 37. What is b(-27)?
368
Let q(r) = r**3 - 17*r**2 - 26509*r + 528971. Determine q(20).
-9
Let p(t) = -t**3 - 12*t**2 + 102*t + 620. Calculate p(-16).
12
Let f(t) = -155*t**2 - 4842*t - 1150. Calculate f(-31).
-3
Let d(v) = -131*v**2 + 213*v + 30. What is d(6)?
-3408
Let u(g) = 18578*g - 167193. Calculate u(9).
9
Let p(z) = 1116*z - 48172. Calculate p(44).
932
Let i(l) = -1216*l - 15899. What is i(-12)?
-1307
Let z(t) = -64612*t - 258487. Calculate z(-4).
-39
Let q(a) = -a**3 + 371*a**2 + 1112*a + 3739. Calculate q(374).
-1
Let r(u) = -7*u**2 - 4048*u + 301203. Give r(-645).
-12
Let f(z) = 7*z**2 + 51*z - 1210. What is f(10)?
0
Let h(m) = 4*m**2 - 1690*m - 15529. Give h(-9).
5
Let d(h) = 6198*h + 100. Calculate d(0).
100
Let r(g) = 11*g**3 + 4486*g**2 - 37438*g + 823. Determine r(-416).
-9
Let r(a) = -a**2 + 520*a + 21373. What is r(-40)?
-1027
Let k(v) = -53*v**2 + 4*v + 20. What is k(5)?
-1285
Let a(z) = 2*z**3 + 174*z**2 - 2374*z + 18. Calculate a(-99).
-180
Let k(z) = 2*z**3 + 42*z**2 + 69*z + 151. What is k(-12)?
1915
Let i(d) = 6*d**3 + 36*d**2 - 2*d - 50. What is i(-6)?
-38
Let q(s) = 37610*s - 1767681. Give q(47).
-11
Let w(n) = 71*n + 905. Give w(-10).
195
Let m(h) = 7632*h + 1076089. What is m(-141)?
-23
Let j(d) = -3*d**3 + 26*d**2 - 135*d - 26. Give j(5).
-426
Let v(o) = 1362*o - 540504. Determine v(397).
210
Let j(d) = -84*d**2 - 10*d + 97. Determine j(-6).
-2867
Let i(x) = 236559*x - 1655917. Calculate i(7).
-4
Let a(x) = 1028*x - 25333. Determine a(26).
1395
Let l(b) = -56*b**2 + 458*b - 22. Calculate l(5).
868
Let u(s) = 515*s - 563. Determine u(1).
-48
Let q(g) = 1670*g + 45078. What is q(-27)?
-12
Let b(o) = 564*o - 187814. Determine b(333).
-2
Let c(l) = -11*l**2 + 47*l + 69. Give c(6).
-45
Let k(o) = 10009*o + 180174. Give k(-18).
12
Let a(y) = -1695*y + 142803. What is a(84)?
423
Let d(m) = -8623*m - 137981. Give d(-16).
-13
Let u(n) = -3*n**3 - 89*n**2 - 11*n + 116. What is u(-28)?
-3496
Let j(i) = -13*i**3 - 1332*i**2 - 2668*i - 1. What is j(-2)?
111
Let z(y) = 14248*y - 213682. Give z(15).
38
Let t(d) = 856*d + 17299. Determine t(-20).
179
Let p(a) = -74*a**2 + 1318*a + 839. What is p(18)?
587
Let h(l) = -548*l**2 + 3041*l - 46. Give h(6).
-1528
Let d(b) = -b**3 + 86*b**2 + 337*b + 2504. Calculate d(90).
434
Let u(k) = -9*k**3 - 6*k**2 - 805*k - 2398. Determine u(-3).
206
Let l(m) = -2*m**3 + 20*m**2 - 16*m - 41. Determine l(2).
-9
Let o(r) = -159*r**3 + 4*r**2 - 214*r + 425. What is o(2)?
-1259
Let j(f) = 3*f**3 + 59*f**2 - 406*f + 48. What is j(-25)?
198
Let d(b) = -2*b**2 + 425*b + 173. Determine d(213).
-40
Let m(a) = 3*a**3 - 59*a**2 - 379*a + 7914. Determine m(19).
-9
Let m(a) = a**2 + 360*a + 24588. Calculate m(-88).
652
Let m(a) = -a**3 + 160*a**2 - 10*a + 1657. Give m(160).
57
Let h(b) = -59*b**3 - 177*b**2 + 10*b - 3. Calculate h(-4).
901
Let c(y) = -9*y**3 - 13*y**2 + 31*y - 69. Determine c(5).
-1364
Let x(u) = -u**3 + 43*u**2 - 69*u - 80. Calculate x(41).
453
Let t(c) = -c**2 + 36312*c + 1818093. Give t(-50).
-7
Let b(c) = 883*c + 5901. Give b(-7).
-280
Let a(b) = 895*b**2 + 13*b - 13. What is a(1)?
895
Let i(k) = 9989*k + 39861. Determine i(-4).
-95
Let r(g) = 8*g**3 - 57*g**2 + 3182*g - 18971. What is r(6)?
-203
Let l(g) = 8*g**2 + 1909*g - 55048. What is l(26)?
-6
Let l(p) = -53717*p + 4941971. What is l(92)?
7
Let d(p) = 93*p + 29738. Give d(-320).
-22
Let w(d) = -3014*d + 295288. Determine w(98).
-84
Let t(v) = v**3 - 879*v**2 - 383667*v - 15595. Give t(1199).
-8
Let w(v) = -2*v**3 + 369*v**2 + 2659*v + 60. Determine w(-7).
214
Let p(t) = t**3 - 430*t**2 - 16255*t + 740. Give p(-35).
40
Let d(m) = 5*m**2 - 153*m + 1664. What is d(10)?
634
Let r(j) = 69908*j + 768987. Determine r(-11).
-1
Let b(c) = 23*c**2 + 2956*c + 4457. Give b(-127).
12
Let f(x) = x**3 + 212*x**2 + 1044*x + 48. Determine f(-5).
3
Let h(n) = -13*n**2 + 479*n - 2675. What is h(30)?
-5
Let a(c) = -2492*c - 219297. What is a(-88)?
-1
Let r(k) = k**2 + 590*k + 41664. Determine r(-508).
8
Let x(o) = -2*o**3 + 42*o**2 - 180*o + 118. Give x(14).
342
Let h(u) = 29*u**2 - 18*u - 1291. Determine h(7).
4
Let i(z) = z**3 + 110*z**2 + 323*z - 21606. Give i(-105).
-396
Let i(l) = -69*l**2 - l - 160. Determine i(5).
-1890
Let b(k) = k**2 + 139*k + 2967. Give b(-19).
687